{"version":"1.0","provider_name":"Eltern Ratgeber News","provider_url":"https:\/\/www.eltern-forum.at\/ratgeber-news","title":"Kindergarten in Wien","type":"rich","width":600,"height":338,"html":"<blockquote class=\"wp-embedded-content\" data-secret=\"kfD7iG5pBl\"><a href=\"https:\/\/www.eltern-forum.at\/ratgeber-news\/kindergarten-in-wien\/\">Kindergarten in Wien<\/a><\/blockquote><iframe sandbox=\"allow-scripts\" security=\"restricted\" src=\"https:\/\/www.eltern-forum.at\/ratgeber-news\/kindergarten-in-wien\/embed\/#?secret=kfD7iG5pBl\" width=\"600\" height=\"338\" title=\"&#8222;Kindergarten in Wien&#8220; &#8211; Eltern Ratgeber News\" data-secret=\"kfD7iG5pBl\" frameborder=\"0\" marginwidth=\"0\" marginheight=\"0\" scrolling=\"no\" class=\"wp-embedded-content\"><\/iframe><script>\n\/*! This file is auto-generated *\/\n!function(d,l){\"use strict\";l.querySelector&&d.addEventListener&&\"undefined\"!=typeof URL&&(d.wp=d.wp||{},d.wp.receiveEmbedMessage||(d.wp.receiveEmbedMessage=function(e){var t=e.data;if((t||t.secret||t.message||t.value)&&!\/[^a-zA-Z0-9]\/.test(t.secret)){for(var s,r,n,a=l.querySelectorAll('iframe[data-secret=\"'+t.secret+'\"]'),o=l.querySelectorAll('blockquote[data-secret=\"'+t.secret+'\"]'),c=new RegExp(\"^https?:$\",\"i\"),i=0;i<o.length;i++)o[i].style.display=\"none\";for(i=0;i<a.length;i++)s=a[i],e.source===s.contentWindow&&(s.removeAttribute(\"style\"),\"height\"===t.message?(1e3<(r=parseInt(t.value,10))?r=1e3:~~r<200&&(r=200),s.height=r):\"link\"===t.message&&(r=new URL(s.getAttribute(\"src\")),n=new URL(t.value),c.test(n.protocol))&&n.host===r.host&&l.activeElement===s&&(d.top.location.href=t.value))}},d.addEventListener(\"message\",d.wp.receiveEmbedMessage,!1),l.addEventListener(\"DOMContentLoaded\",function(){for(var e,t,s=l.querySelectorAll(\"iframe.wp-embedded-content\"),r=0;r<s.length;r++)(t=(e=s[r]).getAttribute(\"data-secret\"))||(t=Math.random().toString(36).substring(2,12),e.src+=\"#?secret=\"+t,e.setAttribute(\"data-secret\",t)),e.contentWindow.postMessage({message:\"ready\",secret:t},\"*\")},!1)))}(window,document);\n\/\/# sourceURL=https:\/\/www.eltern-forum.at\/ratgeber-news\/wp-includes\/js\/wp-embed.min.js\n<\/script>\n","thumbnail_url":"https:\/\/www.eltern-forum.at\/ratgeber-news\/wp-content\/uploads\/2023\/03\/basteln.jpg","thumbnail_width":1200,"thumbnail_height":675,"description":"Die Userin ashx1811 stellte im eltern-forum.at die Frage: Huhu, Die Sache ist die dass ich letztens geh\u00f6rt habe dass man sich schon kurz nach der Geburt f\u00fcr einen Kindergarten anmelden sollte? Jetzt frag ich euch,ist das wirklich n\u00f6tig? Wann habt ihr euch angemeldet? Habt ihr euch f\u00fcr einen Kindergarten der Stadt Wien oder einen Privaten..."}

Die Userin ashx1811 stellte im eltern-forum.at die Frage: Huhu, Die Sache ist die dass ich letztens gehört habe dass man sich schon kurz nach der Geburt für einen Kindergarten anmelden sollte? Jetzt frag ich euch,ist das wirklich nötig? Wann habt ihr euch angemeldet? Habt ihr euch für einen Kindergarten der Stadt Wien oder einen Privaten...
